{"id":4489,"date":"2022-04-25T08:47:06","date_gmt":"2022-04-25T08:47:06","guid":{"rendered":"https:\/\/siteniincele.com\/kosezadeinsaat\/?post_type=product&#038;p=4489"},"modified":"2022-04-25T08:47:06","modified_gmt":"2022-04-25T08:47:06","slug":"novita-banyo-bataryasi","status":"publish","type":"product","link":"https:\/\/kosezadeinsaat.com\/ozkan-kosezade\/product\/novita-banyo-bataryasi\/","title":{"rendered":"NOV\u0130TA Banyo Bataryas\u0131"},"content":{"rendered":"","protected":false},"excerpt":{"rendered":"<ul>\n<li>\u00c7\u0131k\u0131\u015f ucu uzunlu\u011fu 141 mm\u2019dir<\/li>\n<li>\u00d6zel kay\u0131c\u0131 rozet<\/li>\n<li>Kire\u00e7 k\u0131r\u0131c\u0131l\u0131 perlat\u00f6r<\/li>\n<li>A\u015fa\u011f\u0131ya \u00e7ekerek \u00e7al\u0131\u015fan \u00f6zel y\u00f6n de\u011fi\u015ftirici<\/li>\n<li>\u0130novatif E.C.A. Hygiene Plus kaplama<\/li>\n<\/ul>\n","protected":false},"featured_media":4490,"template":"","meta":{"_mi_skip_tracking":false},"product_cat":[154],"product_tag":[],"class_list":["post-4489","product","type-product","status-publish","has-post-thumbnail","hentry","product_cat-banyo-bataryalari"],"_links":{"self":[{"href":"https:\/\/kosezadeinsaat.com\/ozkan-kosezade\/wp-json\/wp\/v2\/product\/4489","targetHints":{"allow":["GET"]}}],"collection":[{"href":"https:\/\/kosezadeinsaat.com\/ozkan-kosezade\/wp-json\/wp\/v2\/product"}],"about":[{"href":"https:\/\/kosezadeinsaat.com\/ozkan-kosezade\/wp-json\/wp\/v2\/types\/product"}],"wp:featuredmedia":[{"embeddable":true,"href":"https:\/\/kosezadeinsaat.com\/ozkan-kosezade\/wp-json\/wp\/v2\/media\/4490"}],"wp:attachment":[{"href":"https:\/\/kosezadeinsaat.com\/ozkan-kosezade\/wp-json\/wp\/v2\/media?parent=4489"}],"wp:term":[{"taxonomy":"product_cat","embeddable":true,"href":"https:\/\/kosezadeinsaat.com\/ozkan-kosezade\/wp-json\/wp\/v2\/product_cat?post=4489"},{"taxonomy":"product_tag","embeddable":true,"href":"https:\/\/kosezadeinsaat.com\/ozkan-kosezade\/wp-json\/wp\/v2\/product_tag?post=4489"}],"curies":[{"name":"wp","href":"https:\/\/api.w.org\/{rel}","templated":true}]}}