{"id":4472,"date":"2022-04-25T08:05:49","date_gmt":"2022-04-25T08:05:49","guid":{"rendered":"https:\/\/siteniincele.com\/kosezadeinsaat\/?post_type=product&#038;p=4472"},"modified":"2022-04-25T08:05:50","modified_gmt":"2022-04-25T08:05:50","slug":"poseidon-fotoselli-yuksek-tip-lavabo-bataryasi-elektrikli","status":"publish","type":"product","link":"https:\/\/kosezadeinsaat.com\/ozkan-kosezade\/product\/poseidon-fotoselli-yuksek-tip-lavabo-bataryasi-elektrikli\/","title":{"rendered":"POSEIDON Fotoselli Y\u00fcksek Tip Lavabo Bataryas\u0131- Elektrikli"},"content":{"rendered":"","protected":false},"excerpt":{"rendered":"<ul>\n<li><strong>\u00c7ift su giri\u015flidir<\/strong><\/li>\n<li>\u00c7\u0131k\u0131\u015f ucu uzunlu\u011fu 133 mm\u2019dir<\/li>\n<li>\u00c7\u0131k\u0131\u015f ucu y\u00fcksekli\u011fi 286 mm\u2019dir<\/li>\n<li>220 V g\u00fc\u00e7 kayna\u011f\u0131 ile \u00e7al\u0131\u015f\u0131r<\/li>\n<li>Filtreli ara musluklar \u00fcr\u00fcnle birlikte verilmektedir<\/li>\n<li>Kire\u00e7 temizleme sistemli perlat\u00f6r<\/li>\n<li>3 bar bas\u0131n\u00e7ta su ak\u0131\u015f miktar\u0131 dakikada 5 lt<\/li>\n<\/ul>\n","protected":false},"featured_media":4473,"template":"","meta":{"_mi_skip_tracking":false},"product_cat":[152],"product_tag":[],"class_list":["post-4472","product","type-product","status-publish","has-post-thumbnail","hentry","product_cat-lavabo-bataryalari"],"_links":{"self":[{"href":"https:\/\/kosezadeinsaat.com\/ozkan-kosezade\/wp-json\/wp\/v2\/product\/4472","targetHints":{"allow":["GET"]}}],"collection":[{"href":"https:\/\/kosezadeinsaat.com\/ozkan-kosezade\/wp-json\/wp\/v2\/product"}],"about":[{"href":"https:\/\/kosezadeinsaat.com\/ozkan-kosezade\/wp-json\/wp\/v2\/types\/product"}],"wp:featuredmedia":[{"embeddable":true,"href":"https:\/\/kosezadeinsaat.com\/ozkan-kosezade\/wp-json\/wp\/v2\/media\/4473"}],"wp:attachment":[{"href":"https:\/\/kosezadeinsaat.com\/ozkan-kosezade\/wp-json\/wp\/v2\/media?parent=4472"}],"wp:term":[{"taxonomy":"product_cat","embeddable":true,"href":"https:\/\/kosezadeinsaat.com\/ozkan-kosezade\/wp-json\/wp\/v2\/product_cat?post=4472"},{"taxonomy":"product_tag","embeddable":true,"href":"https:\/\/kosezadeinsaat.com\/ozkan-kosezade\/wp-json\/wp\/v2\/product_tag?post=4472"}],"curies":[{"name":"wp","href":"https:\/\/api.w.org\/{rel}","templated":true}]}}