{"id":4241,"date":"2022-04-20T13:30:25","date_gmt":"2022-04-20T13:30:25","guid":{"rendered":"https:\/\/siteniincele.com\/kosezadeinsaat\/?post_type=product&#038;p=4241"},"modified":"2022-04-20T13:30:25","modified_gmt":"2022-04-20T13:30:25","slug":"elektrot-askaynak","status":"publish","type":"product","link":"https:\/\/kosezadeinsaat.com\/ozkan-kosezade\/product\/elektrot-askaynak\/","title":{"rendered":"Elektrot (Askaynak)"},"content":{"rendered":"<p><strong>Elektrot<\/strong>, kaynak metalinin \u00e7atlamaya kar\u015f\u0131 y\u00fcksek diren\u00e7 g\u00f6stermesi sayesinde \u00f6zellikle kuvvetli kaynak gerilmelerinin ka\u00e7\u0131n\u0131lmaz oldu\u011fu b\u00fcy\u00fck k\u00fctleli sabit \u00e7elik yap\u0131lar\u0131n kayna\u011f\u0131nda kullan\u0131l\u0131r.<\/p>\n","protected":false},"excerpt":{"rendered":"<p>\u00d6l\u00e7\u00fc \u00c7e\u015fitleri: 2mm, 2.50mm, 3.25mm<\/p>\n","protected":false},"featured_media":4242,"template":"","meta":{"_mi_skip_tracking":false},"product_cat":[138],"product_tag":[],"class_list":["post-4241","product","type-product","status-publish","has-post-thumbnail","hentry","product_cat-temel-maddeler"],"_links":{"self":[{"href":"https:\/\/kosezadeinsaat.com\/ozkan-kosezade\/wp-json\/wp\/v2\/product\/4241","targetHints":{"allow":["GET"]}}],"collection":[{"href":"https:\/\/kosezadeinsaat.com\/ozkan-kosezade\/wp-json\/wp\/v2\/product"}],"about":[{"href":"https:\/\/kosezadeinsaat.com\/ozkan-kosezade\/wp-json\/wp\/v2\/types\/product"}],"wp:featuredmedia":[{"embeddable":true,"href":"https:\/\/kosezadeinsaat.com\/ozkan-kosezade\/wp-json\/wp\/v2\/media\/4242"}],"wp:attachment":[{"href":"https:\/\/kosezadeinsaat.com\/ozkan-kosezade\/wp-json\/wp\/v2\/media?parent=4241"}],"wp:term":[{"taxonomy":"product_cat","embeddable":true,"href":"https:\/\/kosezadeinsaat.com\/ozkan-kosezade\/wp-json\/wp\/v2\/product_cat?post=4241"},{"taxonomy":"product_tag","embeddable":true,"href":"https:\/\/kosezadeinsaat.com\/ozkan-kosezade\/wp-json\/wp\/v2\/product_tag?post=4241"}],"curies":[{"name":"wp","href":"https:\/\/api.w.org\/{rel}","templated":true}]}}