{"id":4197,"date":"2022-04-19T14:47:45","date_gmt":"2022-04-19T14:47:45","guid":{"rendered":"https:\/\/siteniincele.com\/kosezadeinsaat\/?post_type=product&#038;p=4197"},"modified":"2024-02-12T14:25:28","modified_gmt":"2024-02-12T14:25:28","slug":"briket","status":"publish","type":"product","link":"https:\/\/kosezadeinsaat.com\/ozkan-kosezade\/product\/briket\/","title":{"rendered":"Briket"},"content":{"rendered":"<p>Briket, \u00a0kum ve \u00e7imentonun birle\u015ftirilmesiyle elde edilmi\u015f har\u00e7 veya bu harc\u0131 da i\u00e7eren birtak\u0131m agregan\u0131n s\u0131k\u0131\u015ft\u0131r\u0131lm\u0131\u015f blok halidir<\/p>\n","protected":false},"excerpt":{"rendered":"<p>\u00c7e\u015fitler: 10&#8217;luk, 15&#8217;lik, 20&#8217;lik<\/p>\n","protected":false},"featured_media":4201,"template":"","meta":{"_mi_skip_tracking":false},"product_cat":[138],"product_tag":[],"class_list":["post-4197","product","type-product","status-publish","has-post-thumbnail","hentry","product_cat-temel-maddeler"],"_links":{"self":[{"href":"https:\/\/kosezadeinsaat.com\/ozkan-kosezade\/wp-json\/wp\/v2\/product\/4197","targetHints":{"allow":["GET"]}}],"collection":[{"href":"https:\/\/kosezadeinsaat.com\/ozkan-kosezade\/wp-json\/wp\/v2\/product"}],"about":[{"href":"https:\/\/kosezadeinsaat.com\/ozkan-kosezade\/wp-json\/wp\/v2\/types\/product"}],"wp:featuredmedia":[{"embeddable":true,"href":"https:\/\/kosezadeinsaat.com\/ozkan-kosezade\/wp-json\/wp\/v2\/media\/4201"}],"wp:attachment":[{"href":"https:\/\/kosezadeinsaat.com\/ozkan-kosezade\/wp-json\/wp\/v2\/media?parent=4197"}],"wp:term":[{"taxonomy":"product_cat","embeddable":true,"href":"https:\/\/kosezadeinsaat.com\/ozkan-kosezade\/wp-json\/wp\/v2\/product_cat?post=4197"},{"taxonomy":"product_tag","embeddable":true,"href":"https:\/\/kosezadeinsaat.com\/ozkan-kosezade\/wp-json\/wp\/v2\/product_tag?post=4197"}],"curies":[{"name":"wp","href":"https:\/\/api.w.org\/{rel}","templated":true}]}}